
169
What is the highest common divisor of 8351 and 4501?
7
Calculate the highest common divisor of 31434 and 4278.
186
Calculate the greatest common divisor of 742888 and 8.
8
What is the highest common factor of 100362 and 3096?
258
What is the highest common divisor of 40 and 719260?
20
Calculate the greatest common divisor of 78 and 138099.
39
What is the greatest common factor of 552 and 1800?
24
Calculate the highest common factor of 20 and 455960.
20
Calculate the highest common factor of 2553 and 8436.
111
Calculate the highest common divisor of 1134 and 84294.
378
Calculate the greatest common divisor of 93200 and 58.
2
What is the highest common divisor of 13081 and 28531?
103
Calculate the greatest common divisor of 432 and 20400.
48
Calculate the greatest common factor of 324 and 10848.
12
Calculate the greatest common factor of 1311 and 3173.
19
Calculate the highest common divisor of 126 and 207900.
126
Calculate the highest common factor of 329075 and 50.
25
Calculate the greatest common divisor of 25 and 64575.
25
Calculate the highest common divisor of 80 and 34032.
16
What is the greatest common factor of 322373 and 141?
47
What is the greatest common factor of 156 and 37284?
156
What is the highest common divisor of 1552 and 24?
8
What is the greatest common divisor of 4266 and 1539?
27
What is the highest common divisor of 78352 and 592?
16
What is the greatest common factor of 28776 and 10296?
264
Calculate the highest common divisor of 356 and 69242.
178
What is the highest common divisor of 71520 and 1344?
96
Calculate the greatest common factor of 197590 and 200.
10
What is the highest common divisor of 363 and 50457?
363
Calculate the highest common factor of 103 and 440222.
103
Calculate the greatest common factor of 331 and 1820831.
331
What is the highest common divisor of 9943 and 326?
163
Calculate the highest common divisor of 1068 and 2148.
12
What is the greatest common divisor of 22788 and 120?
12
Calculate the greatest common factor of 271548 and 1254.
114
What is the highest common factor of 366916 and 11?
11
Calculate the highest common factor of 528292 and 187.
17
Calculate the highest common factor of 160 and 270248.
8
Calculate the highest common factor of 85 and 43765.
5
What is the highest common divisor of 196425 and 2055?
15
What is the greatest common factor of 20160 and 2205?
315
What is the highest common divisor of 119 and 3087?
7
What is the greatest common divisor of 308 and 158389?
77
What is the highest common factor of 84 and 421272?
12
Calculate the highest common divisor of 100117 and 53.
53
Calculate the highest common factor of 3236681 and 236.
59
Calculate the highest common factor of 2610 and 4205.
145
Calculate the highest common divisor of 1636 and 1431909.
409
Calculate the highest common divisor of 1975 and 104359.
79
Calculate the greatest common factor of 627 and 2052.
57
Calculate the greatest common factor of 528125 and 5577.
169
What is the greatest common factor of 217890 and 1076?
538
What is the highest common factor of 82198 and 22520?
1126
Calculate the greatest common divisor of 15252 and 5208.
372
Calculate the greatest common factor of 406186 and 286.
22
What is the greatest common divisor of 1094 and 22427?
547
What is the greatest common divisor of 5459 and 2472?
103
What is the highest common divisor of 487780 and 1740?
580
Calculate the greatest common factor of 143 and 134640.
11
What is the highest common factor of 76 and 36689?
19
What is the greatest common factor of 27247 and 495?
11
Calculate the greatest common divisor of 700 and 4172.
28
Calculate the greatest common divisor of 228 and 18943.
19
What is the greatest common factor of 343867 and 41?
41
What is the highest common factor of 309322 and 26?
26
What is the highest common factor of 113019 and 27975?
1119
Calculate the highest common factor of 317633 and 1719.
191
What is the greatest common divisor of 6665 and 7037?
31
What is the greatest common factor of 13786 and 4294?
226
Calculate the greatest common divisor of 2830 and 640.
10
Calculate the highest common divisor of 137692 and 928.
116
Calculate the greatest common factor of 196 and 19348.
28
Calculate the highest common factor of 38178 and 3024.
378
Calculate the greatest common factor of 971 and 2437210.
971
Calculate the highest common factor of 4259355 and 30.
15
What is the highest common divisor of 248 and 5265784?
248
What is the highest common factor of 20648 and 2088?
232
Calculate the greatest common factor of 96 and 24240.
48
What is the highest common divisor of 845 and 74022?
169
Calculate the greatest common divisor of 2145 and 5265.
195
Calculate the highest common factor of 5508 and 2376.
108
What is the highest common divisor of 6240 and 1573?
13
Calculate the greatest common factor of 81 and 56646.
27
Calculate the highest common factor of 1821924 and 1530.
306
Calculate the highest common divisor of 442693 and 94.
47
What is the greatest common factor of 3103010 and 340?
170
What is the greatest common divisor of 4510 and 14?
2
Calculate the highest common factor of 137 and 307428.
137
What is the highest common divisor of 1275 and 33?
3
What is the greatest common factor of 550485 and 6435?
585
Calculate the highest common factor of 3980 and 14910.
10
Calculate the highest common divisor of 1824 and 2976.
96
What is the greatest common factor of 495 and 57024?
99
What is the greatest common factor of 511 and 95487?
7
What is the highest common divisor of 5 and 6092855?
5
What is the greatest common divisor of 410 and 162?
2
Calculate the greatest common divisor of 1026 and 1254.
114
Calculate the greatest common divisor of 42 and 71211.
21
Calculate the highest common factor of 128 and 2158368.
32
What is the highest common factor of 5760 and 4800?
960
What is the highest common factor of 80253 and 1665?
333
Calculate the highest common factor of 494 and 3154.
38
What is the greatest common divisor of 50 and 900925?
25
Calculate the highest common factor of 2080 and 144040.
520
Calculate the greatest common divisor of 464015 and 17.
17
Calculate the highest common divisor of 95032 and 56.
56
What is the greatest common divisor of 142 and 2834888?
142
What is the greatest common factor of 4750 and 20250?
250
Calculate the highest common factor of 74 and 7488578.
74
Calculate the greatest common factor of 111780 and 2745.
45
What is the greatest common factor of 187456 and 232?
232
Calculate the highest common factor of 4458 and 6930.
6
Calculate the highest common divisor of 330 and 1537965.
165
Calculate the greatest common factor of 1217899 and 1.
1
Calculate the greatest common divisor of 128 and 1745872.
16
What is the greatest common factor of 87012 and 90?
18
Calculate the greatest common divisor of 13840 and 5200.
80
Calculate the highest common divisor of 40 and 716870.
10
Calculate the highest common divisor of 169928 and 66.
22
Calculate the highest common factor of 612 and 37848.
12
Calculate the highest common divisor of 42852 and 60.
12
Calculate the greatest common divisor of 13032 and 2016.
72
Calculate the highest common divisor of 37088 and 344.
8
What is the greatest common divisor of 1784620 and 40?
20
Calculate the greatest common divisor of 173413 and 57.
19
Calculate the greatest common factor of 5264 and 11656.
376
Calculate the highest common factor of 13206 and 154659.
93
What is the highest common factor of 32 and 31672?
8
Calculate the highest common divisor of 14849 and 961.
31
What is the highest common factor of 6963 and 1646433?
633
Calculate the greatest common factor of 421274 and 84.
14
Calculate the greatest common factor of 6170 and 1370.
10
Calculate the greatest common divisor of 3581560 and 2760.
920
What is the greatest common factor of 104 and 173212?
52
Calculate the greatest common factor of 6 and 8016.
6
What is the highest common divisor of 36 and 64164?
12
Calculate the highest common divisor of 218 and 4467038.
218
What is the highest common factor of 78 and 2425306?
26
Calculate the highest common divisor of 3599 and 5368.
61
Calculate the greatest common factor of 2178 and 8.
2
What is the greatest common factor of 428803 and 43447?
1889
Calculate the highest common fact